{"id":126,"date":"2022-12-19T14:15:55","date_gmt":"2022-12-19T13:15:55","guid":{"rendered":"http:\/\/duellistesyssingelais.fr\/?page_id=126"},"modified":"2024-09-15T11:15:34","modified_gmt":"2024-09-15T09:15:34","slug":"les-tarifs","status":"publish","type":"page","link":"https:\/\/duellistesyssingelais.fr\/index.php\/les-tarifs\/","title":{"rendered":"Les Tarifs"},"content":{"rendered":"\n<figure class=\"wp-block-table\"><table><tbody><tr><td>LICENCE \/ ASSURANCE<\/td><td><\/td><td><\/td><td><\/td><td><\/td><td><\/td><td><\/td><\/tr><tr><td>Adulte<\/td><td><\/td><td><\/td><td><\/td><td><\/td><td>200\u20ac<\/td><td><\/td><\/tr><tr><td>Escrimeur jusqu&rsquo;\u00e0 17 ans en 2024<\/td><td><\/td><td><\/td><td><\/td><td><\/td><td>170\u20ac<\/td><td><\/td><\/tr><tr><td>Remise famille 2 \u00e8me participant<\/td><td><\/td><td><\/td><td><\/td><td><\/td><td><\/td><td>-15\u20ac<\/td><\/tr><tr><td>Remise famille 3 \u00e8me participant et +<\/td><td><\/td><td><\/td><td><\/td><td><\/td><td><\/td><td>-20\u20ac<\/td><\/tr><tr><td>PASS&rsquo;SPORT<\/td><td>(B\u00e9n\u00e9ficiaire Allocation de Rentr\u00e9e Scolaire ou Handicap)<\/td><td><\/td><td><\/td><td><\/td><td><\/td><td>-50\u20ac<\/td><\/tr><tr><td>Allocataire PASS R\u00e9gion<\/td><td><\/td><td>(jeunes de 16 \u00e0 25 ans, \u00e9l\u00e8ve, apprenti, lyc\u00e9en)<\/td><td><\/td><td><\/td><td><\/td><td>-30\u20ac<\/td><\/tr><tr><td>Location<\/td><td>10\u20ac \/ an \/pi\u00e8ce<\/td><td>(veste, pantalon, sous-cuirasse)<\/td><td><\/td><td><\/td><td><\/td><td><\/td><\/tr><tr><td>Achat 1 gant neuf prix club<\/td><td><\/td><td><\/td><td><\/td><td><\/td><td>25 \u20ac<\/td><td><\/td><\/tr><tr><td>Achat 1 masque neuf prix club<\/td><td><\/td><td><\/td><td><\/td><td><\/td><td>50 \u20ac<\/td><td><\/td><\/tr><tr><td>1\u00e8re ann\u00e9e: la tenue est pr\u00eat\u00e9e contre caution \u00e0 l&rsquo;exception du gant qui doit \u00eatre achet\u00e9.<\/td><td><\/td><td><\/td><td><\/td><td><\/td><td><\/td><td><\/td><\/tr><tr><td>A compter de la deuxi\u00e8me ann\u00e9e, location de la tenue pour 30 \u20ac \/ an<\/td><td><\/td><td><\/td><td><\/td><td><\/td><td><\/td><td><\/td><\/tr><\/tbody><\/table><\/figure>\n","protected":false},"excerpt":{"rendered":"<p>LICENCE \/ ASSURANCE Adulte 200\u20ac Escrimeur jusqu&rsquo;\u00e0 17 ans en 2024 170\u20ac Remise famille 2 \u00e8me participant -15\u20ac Remise famille<\/p>\n","protected":false},"author":2,"featured_media":0,"parent":0,"menu_order":0,"comment_status":"closed","ping_status":"closed","template":"","meta":{"footnotes":""},"class_list":["post-126","page","type-page","status-publish","hentry"],"_links":{"self":[{"href":"https:\/\/duellistesyssingelais.fr\/index.php\/wp-json\/wp\/v2\/pages\/126","targetHints":{"allow":["GET"]}}],"collection":[{"href":"https:\/\/duellistesyssingelais.fr\/index.php\/wp-json\/wp\/v2\/pages"}],"about":[{"href":"https:\/\/duellistesyssingelais.fr\/index.php\/wp-json\/wp\/v2\/types\/page"}],"author":[{"embeddable":true,"href":"https:\/\/duellistesyssingelais.fr\/index.php\/wp-json\/wp\/v2\/users\/2"}],"replies":[{"embeddable":true,"href":"https:\/\/duellistesyssingelais.fr\/index.php\/wp-json\/wp\/v2\/comments?post=126"}],"version-history":[{"count":3,"href":"https:\/\/duellistesyssingelais.fr\/index.php\/wp-json\/wp\/v2\/pages\/126\/revisions"}],"predecessor-version":[{"id":453,"href":"https:\/\/duellistesyssingelais.fr\/index.php\/wp-json\/wp\/v2\/pages\/126\/revisions\/453"}],"wp:attachment":[{"href":"https:\/\/duellistesyssingelais.fr\/index.php\/wp-json\/wp\/v2\/media?parent=126"}],"curies":[{"name":"wp","href":"https:\/\/api.w.org\/{rel}","templated":true}]}}