{"id":141,"date":"2022-12-19T14:27:36","date_gmt":"2022-12-19T13:27:36","guid":{"rendered":"http:\/\/duellistesyssingelais.fr\/?page_id=141"},"modified":"2024-02-04T21:45:07","modified_gmt":"2024-02-04T20:45:07","slug":"actu","status":"publish","type":"page","link":"https:\/\/duellistesyssingelais.fr\/index.php\/actu\/","title":{"rendered":"Actu"},"content":{"rendered":"\n<p>Les actualit\u00e9s de notre club d&rsquo;escrime <strong>Les Duellistes Yssingelais<\/strong><\/p>\n\n\n<ul class=\"wp-block-latest-posts__list wp-block-latest-posts\"><li><a class=\"wp-block-latest-posts__post-title\" href=\"https:\/\/duellistesyssingelais.fr\/index.php\/2026\/03\/28\/28-03-2026-soiree-familiale-a-yssingeaux\/\">28\/03\/2026 : soir\u00e9e familiale \u00e0 Yssingeaux<\/a><\/li>\n<li><a class=\"wp-block-latest-posts__post-title\" href=\"https:\/\/duellistesyssingelais.fr\/index.php\/2026\/03\/28\/28-03-2026-rassemblement-debutants-et-m9-a-yssingeaux\/\">28\/03\/2026 : rassemblement d\u00e9butants et M9 \u00e0 Yssingeaux<\/a><\/li>\n<li><a class=\"wp-block-latest-posts__post-title\" href=\"https:\/\/duellistesyssingelais.fr\/index.php\/2026\/03\/22\/22-03-2026-demi-finale-m15-epreuve-nationale-a-valence\/\">22\/03\/2026 : demi-finale M15 \u00e9preuve nationale \u00e0 Valence<\/a><\/li>\n<li><a class=\"wp-block-latest-posts__post-title\" href=\"https:\/\/duellistesyssingelais.fr\/index.php\/2026\/03\/07\/07-03-2026-championnats-departementaux-par-equipe-de-club-a-sainte-sigolene\/\">07\/03\/2026 : championnats d\u00e9partementaux par \u00e9quipe de club \u00e0 Sainte Sigol\u00e8ne<\/a><\/li>\n<li><a class=\"wp-block-latest-posts__post-title\" href=\"https:\/\/duellistesyssingelais.fr\/index.php\/2026\/02\/08\/08-02-2026-competition-m15-de-la-zone-sud-est-a-aix-en-provence\/\">08\/02\/2026 : comp\u00e9tition M15 de la zone Sud-Est \u00e0 Aix en Provence<\/a><\/li>\n<\/ul>","protected":false},"excerpt":{"rendered":"<p>Les actualit\u00e9s de notre club d&rsquo;escrime Les Duellistes Yssingelais<\/p>\n","protected":false},"author":2,"featured_media":0,"parent":0,"menu_order":0,"comment_status":"closed","ping_status":"closed","template":"","meta":{"footnotes":""},"class_list":["post-141","page","type-page","status-publish","hentry"],"_links":{"self":[{"href":"https:\/\/duellistesyssingelais.fr\/index.php\/wp-json\/wp\/v2\/pages\/141","targetHints":{"allow":["GET"]}}],"collection":[{"href":"https:\/\/duellistesyssingelais.fr\/index.php\/wp-json\/wp\/v2\/pages"}],"about":[{"href":"https:\/\/duellistesyssingelais.fr\/index.php\/wp-json\/wp\/v2\/types\/page"}],"author":[{"embeddable":true,"href":"https:\/\/duellistesyssingelais.fr\/index.php\/wp-json\/wp\/v2\/users\/2"}],"replies":[{"embeddable":true,"href":"https:\/\/duellistesyssingelais.fr\/index.php\/wp-json\/wp\/v2\/comments?post=141"}],"version-history":[{"count":5,"href":"https:\/\/duellistesyssingelais.fr\/index.php\/wp-json\/wp\/v2\/pages\/141\/revisions"}],"predecessor-version":[{"id":367,"href":"https:\/\/duellistesyssingelais.fr\/index.php\/wp-json\/wp\/v2\/pages\/141\/revisions\/367"}],"wp:attachment":[{"href":"https:\/\/duellistesyssingelais.fr\/index.php\/wp-json\/wp\/v2\/media?parent=141"}],"curies":[{"name":"wp","href":"https:\/\/api.w.org\/{rel}","templated":true}]}}